2*v + 9995 = -14029, 3*q - 5*v = f. Is q composite?
False
Suppose -16942 = -2*b + 4*i, -5147 - 11794 = -2*b + 5*i. Is b a prime number?
False
Let z be (-1339)/(-273) - (-4)/42. Let b = 9 + -6. Suppose 3*t - b*c = -c + 563, 0 = 5*c + z. Is t a composite number?
True
Let v(w) = -348*w**3 - 2*w**2 + w + 3. Let n be (-57)/38*(-4)/(-3). Is v(n) prime?
True
Let o(j) = 307*j**3 - j + 2. Let l(t) = 306*t**3 - t + 1. Let n(x) = -2*l(x) + 3*o(x). Is n(2) a composite number?
True
Let a(i) = -2*i**3 + 2*i**2 + 2*i. Let z be a(2). Suppose 0 = -130*t + 104360 + 29280. Is 5/(50/z) - t/(-20) composite?
True
Suppose 2575 = 6*v - 6239. Let w = v + -318. Is w a composite number?
False
Let m(k) = -3*k. Let l be m(-4). Let b = -1075 + 1088. Suppose l*g + 907 = b*g. Is g a prime number?
True
Suppose 440 = 5*w - 5*y, 0*y = -3*w - 3*y + 246. Let c be w - -6 - -3*1. Let q = c + 9. Is q a prime number?
True
Is (-17)/255 - 432436/(-15) prime?
False
Let b(w) = 932*w**2 - 109*w - 62. Is b(-13) a composite number?
False
Let n = -223557 - -394886. Is n a prime number?
True
Let i(p) = p**3 + 6*p**2 + 31*p - 5. Let m be i(-11). Let u be 63/(-6)*m/(-9)*-2. Is 4/22 + -134*u/(-154) a prime number?
True
Is (-1 + 52454)*(1/(-2) - 93/(-62)) a prime number?
True
Suppose 6*v + v - 714 = 0. Suppose v = -z + 3*l, 0 = 2*z - l - 0*l + 204. Is -6*(z - 4) + -5 a composite number?
False
Let k(i) = -i**2 - 4*i + 15. Let g be k(-7). Let j(u) = -41*u + 24. Let m be j(g). Suppose 4*d = y - 39, -4*y = y - 5*d - m. Is y composite?
False
Is (4/3)/((-1416)/(-38691846)) composite?
False
Is 2/(-5)*125485075/(-170) a composite number?
False
Is (5/(-10)*1)/(4/(-638984)) prime?
True
Suppose -2*c + 4*h + 183252 = 0, 42*h = -5*c + 45*h + 458158. Is c a prime number?
False
Suppose 75 = -3*g + 5*s, -3*g - 3*s + 7*s - 78 = 0. Let d = 2 - 3. Is (d - (-3)/2)/(g/(-25020)) a composite number?
True
Suppose 10686 - 141441 = -15*a. Is a a composite number?
True
Let x = -57 + 4735. Is x composite?
True
Suppose -2*h = 124 - 134. Suppose -2*k - 16 = 2*d + k, -5*k = -h*d - 40. Is (34130/d)/(-5) + 1/(-4) a composite number?
False
Let f be (-32)/12*(-15)/10. Let i = 306 + 3778. Suppose -3*u + i = 3*l - f*u, 0 = 4*l - 4*u - 5448. Is l prime?
True
Let o(a) = 23*a - 354. Let c be o(14). Is 176/c + 6/4 - -7035 a composite number?
True
Let h(k) = 55*k**2 - 25*k + 65. Is h(-12) a composite number?
True
Let o(l) = 20598*l**3 + 62*l**2 - 180*l - 7. Is o(3) composite?
True
Suppose -5464537 + 46975435 = 55*a + 143*a. Is a prime?
False
Let l(h) = 911*h**2 - 5*h + 21. Let m be l(-9). Suppose 3*c - m = -3*o, -98480 = -3*c - c - 3*o. Is c a composite number?
False
Let f = -3301 - -12498. Is f a composite number?
True
Let u be (-4)/(-18) + 178685/45. Suppose -16*w = -6861 - u. Is w a composite number?
False
Suppose -37*b + 2508499 = 919238. Is b a composite number?
False
Suppose -49*s + 36*s = -39. Is (-2)/6 - (-2668)/s prime?
False
Suppose 155 = 5*s - 6*b + b, -s + 2*b + 36 = 0. Is (-1)/(17/(-90459)) + s/(-221) a prime number?
False
Let t be ((-2)/6*-3)/(2/(-2)). Is 0 + -3 + (3224 - -1) + t a prime number?
True
Let p(d) = 2*d**2 - 15*d + 14. Let y be p(7). Suppose 10*h + y*h = 5219. Is h prime?
True
Let i(a) = 140*a - 6443. Let u be i(46). Let d = -2 + 0. Is 659/((u - 0)*d/6) a composite number?
False
Let y(l) = -l**3 + 26*l**2 - 27*l - 118. Let d be y(-34). Let a = 102651 - d. Is a prime?
True
Let z = 1572652 + -1107635. Is z a prime number?
False
Let w be ((-70)/20)/(1/(-1470)). Suppose 1101 = -12*i + w. Is i a composite number?
False
Let b = 446 - 453. Is (b/3)/(18/(-384534)) a composite number?
True
Let q = 139 + -71. Suppose -q*g - 12 = -71*g. Suppose 0*v + 1346 = g*v - d, -v = 2*d - 341. Is v a composite number?
False
Suppose 716 - 6438 = -y. Suppose 0 = -3*h - o - 0*o + y, -3*h - 2*o + 5717 = 0. Is h composite?
True
Let l(s) = -2*s + 11*s - 5*s + 2 - 5*s + 9*s**3. Let a be l(1). Suppose -a*k + 14484 = -7576. Is k composite?
True
Suppose -2*z + z + 3855 = 2*w, -3*z = -3*w + 5760. Suppose -2*f - w = -4575. Suppose 6*j - f = j. Is j a composite number?
True
Let n = 9 - -2. Suppose -8*t = -n*t. Suppose t = 2*q + v - 3091, -2*v = -5*q + 3*v + 7690. Is q a composite number?
False
Is 282253/(2*(-17)/(-34)) + -1*2 a composite number?
True
Let y = 38 + -38. Suppose -9*h + 2*h - 6*h = y. Suppose 3*c = -z - h*c + 1336, -12 = 4*c. Is z prime?
False
Let o(i) = i - 6. Let w be o(8). Suppose 0*b + w*b - 2736 = 0. Suppose b = 3*z + 3*s, 4*s = -z - s + 468. Is z a composite number?
True
Let n(x) = 431*x**2 + 64*x - 115. Is n(-18) a composite number?
True
Suppose 5*l - 911120 = -5*x, -14*l = -10*l + 5*x - 728901. Is l a prime number?
False
Let a be -3*4/12 + 0. Let v = 10 - a. Suppose -7*w - 4276 = -v*w. Is w a prime number?
True
Suppose 4*f = 10*f + 60. Let x = -6 - f. Suppose -1572 + 5528 = x*n. Is n a composite number?
True
Suppose 3*r - 34 = -109. Let p be r/(-15) - 2/(-6). Suppose 0 = -5*k - 5*o + 2520, -5*k - 5*o + 2518 = -p*o. Is k prime?
True
Let h(o) = 82*o + 95. Let s(f) = -164*f - 189. Let u(q) = 13*h(q) + 6*s(q). Is u(13) prime?
False
Suppose -7 = d - 2*u, d - u = -3*d. Let g be (-7 - 11) + (1 - d)/1. Is 1 - g/(-14) - 5037/(-161) prime?
True
Let r(k) = 5*k**3 - k**2 + 3 + 5*k + 5*k**2 - 3*k**3 - 4*k**3. Let l be r(3). Suppose l*w - 4*n = -4*w + 3588, 3*w + 4*n - 2677 = 0. Is w a composite number?
True
Let i(w) = 2813*w**3 + 9*w**2 - 28*w + 81. Is i(5) composite?
True
Let z(t) be the third derivative of -11*t**4/24 + 31*t**3/6 - 29*t**2. Let j be z(-9). Suppose -8 = -2*f, 3*m = -f + j + 501. Is m a composite number?
True
Let d = 3 - 9. Let z(j) = -6*j**3 - 21*j**2 - 62*j - 66. Let m(u) = u**3 + 4*u**2 + 12*u + 13. Let g(n) = 11*m(n) + 2*z(n). Is g(d) a prime number?
True
Let u be (49/(-490))/((-2)/20). Is u/4 - (-402914)/152 a composite number?
True
Let o(i) = 13*i**2 + 11*i + 23. Let z(g) = 20*g + 146. Let x be z(-8). Is o(x) a prime number?
True
Let d = 130515 - 67106. Is d a prime number?
True
Is 650 + 4/(20/(-15)) a prime number?
True
Suppose 4*b - 1931416 = 4*y, -2*b - y + 636230 = -329499. Is b a composite number?
False
Let n(b) = 4*b**2 + 39*b - 8. Let p(a) = -a - 1. Let c be p(-5). Suppose o - 5*d = 8, 3*o - c*o - 5*d - 42 = 0. Is n(o) a composite number?
True
Let g be (-12)/66 + 20/(-11). Let f be (2*-23 - g) + 1. Is ((-2)/2 - 1)*(f - 0) a composite number?
True
Is (-818764695)/(-5175) + 3/((-30)/4) composite?
True
Suppose -19*r + 386 = 82. Suppose 12*y = r*y - 6492. Is y a composite number?
True
Let o = -10 - 24. Is (-2)/(-17) + ((-81358)/o - -2) prime?
False
Suppose 2*d + 578553 = z, 282*d = -5*z + 279*d + 2892687. Is z prime?
False
Suppose 2*m + 5708 + 882 = 2*g, 0 = -2*g + m + 6593. Suppose -2*r + p = -g, -3*p = -3*r + 1286 + 3655. Is r a composite number?
True
Let m(j) = j**3 + 14*j**2 + 11*j + 11. Let c(y) = -4*y**2 + 3*y + 8. Let x be c(4). Let h = x - -36. Is m(h) a prime number?
True
Let i(n) = 197756*n + 2059. Is i(2) prime?
False
Suppose 12240 = 2*x - 2*c + 49684, 0 = -3*c. Let m = -12533 - x. Is m composite?
True
Let a = -410 + 415. Suppose -2*p + 1 + 1 = 0, -a*r = -2*p - 9933. Is r a composite number?
False
Let b be 5*((-33)/(-15) + 0). Let d be (-3 - 87/(-27)) + b/(-9). Is 457 - d/(-2)*0 prime?
True
Suppose 25*g - 334433 = 441542. Is g a prime number?
True
Let v(i) = -399*i - 56. Let n(h) = -397*h - 56. Let s(k) = 5*n(k) - 6*v(k). Is s(35) a composite number?
True
Let g = -7833 + 12305. Let p = g + -1990. Suppose 3*l - 1103 = p. Is l a prime number?
False
Let y(s) = -44*s**2 - 21*s - 166. Let u be y(-15). Let i = u - -22968. Is i a prime number?
True
Suppose 3*i - 7*z - 100776 = 82262, 0 = 2*i - z - 122007. Is i composite?
False
Let c = -5394 + 6016. Is c a prime number?
False
Suppose 0 = 2*o + 93 - 17. Let w = -35 - o. Is 7986/18 - 2/w prime?
True
Suppose -20 = -7*z + 3*z. Let g be z - 3/18*2*-3. Is 1017*2/10 + g/(-15) composite?
True
Let m(v) = 2922*v + 172. Suppose 0 = -w + 1 + 6. Is m(w) composite?
True
Suppose 13*b = 49373 + 86191. Suppose 4*k - 2*m = b, 5*k + 5*m = -5139 + 18204. Is k composite?
False
Let d(z) = 234890*z - 433. Is d(1) composite?
False
Let f(l) be the second derivative of -111*l**5/10 - l**4/4 - 3*l**3/2 - 5*l**2/2 + 5*l + 3. Is f(-2) prime?
True
Is (-18555306)/(-105) + 7/(-35) compos